 -13))
38
-101 + (15 + 137 - 9)
42
Calculate 22 + (16 - 36 - -39).
41
Calculate 125 + (-66 - -39) + -4 - 33.
61
What is -16 - (60 + (-40 - 16))?
-20
What is 26 - (50 - 53 - (8 + -19))?
18
Calculate -33 + (-26 + (-24 - -49) - -13).
-21
(5 - (-14 + -16)) + (-10 - 77)
-52
What is the value of -161 + 50 + -23 + 20?
-114
What is the value of -40 - (39 - 61 - (-26 + 0))?
-44
(18 + -25 - -7) + 23 - 7
16
What is the value of 53 + -3 - (-627 - -698)?
-21
Evaluate 3 + (19 - (-7 - -1)) + (9 + -15 - -11).
33
(13 + -9 + -18 - -15) + 1 + 31 - 6
27
Calculate 119 + -97 - 12 - (19 + -1 - 2).
-6
Calculate -18 + (95 - 100) + 102 + -2 + -1.
76
-16 + 2 + -31 + (141 - 113) + -1 + 14
-4
Calculate 9 - -1 - (-400 + 409) - -15.
16
(-109 - -103) + (-13 - -6 - (-39 - (-2 + -4)))
20
49 - ((142 - 35) + 20)
-78
-2 - 1 - -1 - (-2398 + 2359)
37
-101 - (-52 + (143 - 108))
-84
Evaluate (0 - 0 - -33) + 676 + -682.
27
Evaluate (-11 + 9 - 2) + (-15 - -78 - 12).
47
Evaluate -2 + (-8 - 20) + 40.
10
What is -54 + 253 + 14 - 102?
111
Calculate (-241 + 258 + (-12 - 1) - -83) + -14.
73
Calculate 1 + -5 + (8 - 6) + 9.
7
What is 50 - 156 - -113 - (-1 + 0 + 13)?
-5
Evaluate -57 + -126 + 119 + 140.
76
Calculate 265 + (-110 - -7) + -115.
47
Calculate -49 - 39 - -40 - -28.
-20
-35 + (15 - -18) + -26 + (1 - 1 - -5)
-23
(-5 - 33 - -37) + (1 + 0 + 1 - 5)
-4
Calculate 29 - 4 - (5807 - 5815).
33
What is (-7 - -3 - -19 - -14) + -18?
11
6 + (8 - 32 - -26) - (-1 + 11)
-2
-61 + 75 + -96 - -24
-58
What is -34 - (-1 + 9 + 4 + (3 - 8) + -3)?
-38
(-34 - -110 - 76) + 38
38
What is (70 - (37 - 9)) + (20 - 109)?
-47
-10 + (3 - 23) - (-14 - -6) - -77
55
Calculate 22 - (20 + -75 + 38) - 71.
-32
What is the value of (-120 - -41) + -22 + 4 + 6?
-91
-21 + -3 - ((9 - 26) + 22 + 0)
-29
-19 - (94 + -22 + (17 - -2) + 24)
-134
-16 + (101 - 53) + 21
53
Evaluate 3 - 9 - (4 + 4).
-14
What is the value of -22 + -80 + (-197 - -263)?
-36
Evaluate -12 + (-17 + (6 - 4) - 4) + -13.
-44
Evaluate 21 - (-45 - -106 - 63).
23
Evaluate 16 - (1 - -3) - ((22 - 9) + -2).
1
What is 21 + (10 - 6) + -21 + 6 + -1?
9
What is the value of -56 - (-136 - -102) - (2 - -15)?
-39
101 + -6 + -83 + -28
-16
What is the value of (-7 - (-13 + (8 - 9) + 0)) + 9?
16
-61 + 23 + -25 - ((5 - -13) + -2)
-79
Evaluate 13 + 4 + (-18 - (-14 + -5 + (18 - 16))).
16
What is the value of 58 - 160 - (-16 + -98)?
12
Evaluate (-5 + 0 - 1) + 8 + 19 + -5.
16
(-35 - -12) + 48 + -14
11
What is (0 - 36) + 89 + -18 - (0 - 1)?
36
What is -30 + 83 + (-12 - 32) + 11?
20
What is -92 + 5 - 5 - (2 + -6 + 21)?
-109
(-904 - -919) + -39 + 2
-22
-26 + (-36 - -86) + -36
-12
(-22 + (-7 - -6) - 6) + -7 - (-5 - -8)
-39
Calculate 43 + 35 + 2 + (-181 - -170) + -16.
53
-9 - 3 - (-86 + 272 - 91)
-107
-114 - -141 - 130 - -85
-18
What is the value of (18440 - 18480) + 0 + -23?
-63
Evaluate (-46 + -5 - -23) + 68.
40
-77 + 35 - -43 - (6 + 1 + 22)
-28
What is the value of -17 - -35 - (39 + 18) - 18?
-57
What is 19 + (51 - 65) + 6 + 9?
20
Calculate (28 + -16 - -6) + -38 - (-2 + -5).
-13
What is -5 + -1 - (2959 - 2961)?
-4
What is (-2 - -12) + (-34 + 46 - 23 - -67)?
66
Calculate -2674 + 2653 - (-2 - (0 + 122)) - 8.
95
What is -44 - -51 - -31 - -31?
69
Calculate -2 + (-1 + 19 - (-7 - (26 + -56))).
-7
Calculate -51 - (16 + (5 - 12) + -1 - (1 - -2)).
-56
Evaluate -34 + -4 - (212 + -80 + -114).
-56
What is the value of -2 + (59 - 1) + -2 + -298 + 132 + 167?
55
Evaluate (66 + -29 - 29) + (-5 - 1) - 6.
-4
What is (9 - -1 - (-10 - -9)) + (-60 - -79)?
30
Evaluate -48 + -2 + 10 - (-170 - -88).
42
Evaluate (5 - (3 + -7 + 4)) + -67 + 1 + 1.
-60
Evaluate 1 - 1 - (-107 - -99) - (35 - -9).
-36
What is the value of 1 + 16 + 12 + (-4 + 2 - -9)?
36
Calculate (30 - (18 + (-7 - (-11 + 12)))) + 8.
28
Calculate 12 + -21 + -50 + 11.
-48
Calculate -5 + 91 - (58 - -12).
16
What is -29 + 44 + 0 + -25 - 41?
-51
What is 0 + 27 - (13 - (-10 + (-14 - (-56 - -13))))?
33
1 + -83 + (175 - 50)
43
Calculate (26 + -23 - -95) + -81.
17
What is 22 + (-2 - -12) + 11 + -21?
22
What is the value of (-1 - -2) + (-1 - 0) + (365 - 359) + 34?
40
What is the value of 129 + (-69 - (-86 + 103))?
43
Calculate -52 + 1 - (0 + -31 + (-5 - (-19 - 4))).
-38
What is -79 + (-112 + 34 - -45 - -42)?
-70
-11 - (7 - (-8 - -4 - (1 + -40)))
17
-22 - (-41 - (13 + 38))
70
Evaluate 7 + (-31 + 17 - -13) + (9 - (-3 - -1)).
17
Evaluate (-23 - (21 + -69)) + -27 + 26.
24
0 + 59 - (1 - 2 - (49 - 36))
73
Calculate -25 - (11 + 0 - -2).
-38
What is (0 - -9) + (21 - 24 - (3 + 7) - -7)?
3
Evaluate 27 - ((3 - (-5 + 1) - (26 + -24)) + 2).
20
36 - ((1235 - 1246) + 135 + 1)
-89
Evaluate -54 + -31 + 31 + (6 - 6 - -12) + -3.
-45
(7 + -14 - 4) + (-82 - -42)
-51
What is -77 + -61 + 120 + 13?
-5
What is the value of 10 + (-23 - -23 - 6) + -24?
-20
What is 26 + (-33 + -28 - -36)?
1
Calculate (2 - (11 + 2)) + (357 - 356) - (10 - 0).
-20
What is the value of 97 - (-19 - -112 - -43)?
-39
What is the value of (12 - 14) + (-4 - ((-4 - 6) + -3 + 6))?
1
Evaluate -27 + (34 - -68) + -19 + 4.
60
What is the value of 65 + -5 + -18 + 44 + -2?
84
Evaluate (6 + -22 - -21) + (24 - (3 - 8)).
34
Calculate -22 + (-18 - -6 - (22 - 49)) - 18.
-25
Evaluate (-192 + 145 - -72) + 76.
101
What is -2 - (-371 + 363 + (-1 - (-2 + -4)) + 0)?
1
Evaluate -1 + (1 - 1) + 6 + -486971 + 486888.
-78
What is the value of 18 + (-78 - -92) + -14?
18
Evaluate -47 + -26 + 105 + 46.
78
Evaluate 18 - (0 + 14 - (229 - 206)).
27
What is 2 - -173 - -2 - (80647 + -80601)?
131
-28 + (-3535 + 3548 - (2 - (-3 - -1) - 1))
-18
Calculate (7 + -7 - 31 - (22 + -13)) + -4.
-44
Evaluate -18 + -2 + 5 + 13 + (1 - -46).
45
Evaluate -11 + -3 + 4 + (-24 - (6 + -17)) + 23.
0
(2 + 3 + -16 - -21) + -17
-7
What is the value of -3 + 40 + (5 - (145 + -9))?
-94
What is the value of 8 + -6 + ((-5 - 1 - -8) + -22 - -4)?
-14
Evaluate 15 + 28 + -135 + 137.
45
What is the value of -3 + 73 - ((-23 - -4) + 47)?
42
What is the value of (7 - (3 - 54) - (-68 - -80)) + -14 - -3?
35
Evaluate (0 - -1) + -3 + 9 - (25 + (-5 - -4)).
-17
-34 + (-3 - (13 + -7)) + (-14 - -39)
-18
Evaluate (3 - -67) + -5 + 25 + -31 + 1.
60
What is (-2 - 0) + -5 + -1 - (721 + -722)?
-7
-6 - (0 + 6 + -10) - (13 - 10) - 43
-48
Calculate -36 - 5 - ((-22 - -16) + (0 - 6)).
-29
Evaluate (24 - (-22 - -43)) + 9 - (4 + -4 + 1).
11
Evaluate 14 + 0 + 2 + (34 - 35) + -1 + -94.
-80
Evaluate 29 + (-35 - -14) + -16 + 0 + 45.
37
30 + (-17 - 2) + (-23 - -12)
0
Evaluate 353 + -294 + (-23 - -5).
41
What is (-1 + -4 - -6) + (-99 - -89)?
-9
(-8 - -3) + (-1 - (-11 - 0)) - (0 + 7)
-2
What is the value of 11 + -5 + (26 + -17 - (-3 - -28)) + 43?
33
Calculate (-5 - (-18 - -39)) + 66.
40
(-80 - 53) + 59 - (-5 - 2)
-67
Evaluate 8 + 3 + -8 + (39 - 128).
-86
1 + 65 + (-16 - 0) + -26
24
What is -20 - (-29 - (-26 - (40 + -110)))?
53
What is the value of (2 - 13) + 18 + -17 - (781 - 890)?
99
What is the value of -8 + 210 + -203 + (1 - -1) + -4 + -9?
-12
Calculate 58 + -77 - (-6 + 7 + 1) - (1 + 8).
-30
(-9 - 8) + (67 - 40) + -10
0
What is (51 - 27 - 27) + 32?
29
Evaluate -79 + (-4 - ((29 + -3 - 14 - 8) + 5)).
-92
What is (3 - (3 + 4) - -18) + (-3 - 11) + 17?
17
What is the value of 10 + (1 + 1 - (-12 - 6 - 20) - 9)?
41
Evaluate -2 + -68 - (2934 - 2992).
-12
Evaluate 46 + (-80 - (20 + -44)) + 32.
22
What is the value of (15 - -1) + (-1134 - -1131) - 2?
11
Evaluate 3 - 56 - -30 - (-3 - (-1 - -4)).
-17
What is the value of -35 + (-1 - (5 - 19)) - (-8 + 2)?
-16
Calculate (55 - 0) + (-222 - -191).
24
Calculate -5 + -114 + 6 - -1 - (-604 - -599).
-107
Evaluate 109 + -104 + -123 + 177.
59
What is the value of -79 - (-20 - 10) - -72?
23
Calculate (10 - -1 - (-1 - 0)) + (801 - 118) + -816.
-121
What is the value of -23 + 3 + 0 + 3 + (10 - -4 - 25)?
-28
What is the value of -39 + (-110 - -100) + 2 + -1?
-48
Evaluate 128 - (-26 - (-4 + -1 - 31 - -18)).
136
What is (10 - (-52 + 12)) + -4 - (3 - (-3 - -1))?
41
Evaluate 63 - (78 + 108 + -18).
-105
What is -6 - (33 - (80 + -42) - (-1 + 39))?
37
Evaluate -4 - -28 - -4 - (157 + -110).
-19
What is the value of (-13 - (-6 - (-3 + 32 - 10))) + -22?
-10
What is the value of -672 + 669 + (35 + 5 + -4 - 1)?
32
(-12 - 86 - -66) + 2
-30
What is -210 + 258 - (54 + 3)?
-9
What is the value of -3 + 10 - (68 - (-8 + 37))?
-32
(1 - -37) + ((1 - 1) + 8 - (-1482 + 1489))
39
Evaluate (-8 - (3 + 3